 Let j(m) = 6*f(m) - 13*r(m). What is j(9)?
-13
Let s(o) = -o**3 - 4*o**2 - 2*o + 2. Let a = 2105 + -2107. Determine s(a).
-2
Let k(h) = h**3 + h**2 + 2*h. Let a be 14/10 - 24/(-40) - -11. Let n(i) = -a - 2*i - 4*i**2 + 12 - 4*i**3 - 5*i. Let m(p) = 7*k(p) + 2*n(p). Calculate m(0).
-2
Let h(t) be the first derivative of -5*t**2/2 + 3*t - 16. Let q(z) = -13*z + 5. Let b be q(4). Let c = b - -44. Calculate h(c).
18
Let x(h) = -53*h + 91. Let k(r) = 59*r - 96. Let y(w) = -2*k(w) - 3*x(w). What is y(2)?
1
Let a(z) = -7*z**3 + 13*z**2 + 13*z - 24. Let i(w) = 19*w**3 - 39*w**2 - 38*w + 72. Let x(g) = -11*a(g) - 4*i(g). Determine x(-12).
12
Suppose 29*k + 356 - 8 = 0. Let q(y) = y**3 + 11*y**2 - 16*y - 58. Give q(k).
-10
Let l(w) be the third derivative of -w**6/120 + 4*w**5/15 - 25*w**4/24 - 19*w**3/3 + 164*w**2 - 2*w. What is l(14)?
4
Let u(y) = -16*y - 249. Let x(c) = -100*c - 1577. Let v(f) = 38*u(f) - 6*x(f). Let l be -4 - -1 - (-1 + 2). Let a be (1 - 0) + l/1. Give v(a).
24
Let y(z) = 0*z + 4*z - 1 + 4. Let u = 753 - 749. Give y(u).
19
Let j(a) = a**3 + 53*a**2 - 86*a + 1310. Let o be j(-55). Let z(h) = 2*h**3 + 21*h**2 + 9*h - 14. Give z(o).
-4
Let z(w) = 38*w - 386. Suppose -1351 = -192*b + 1478 - 909. Determine z(b).
-6
Suppose 1276 = -3*w + 1273. Let p(k) be the third derivative of -11*k**4/24 - 2*k**2. Give p(w).
11
Let g(p) = -3*p**2 - 3*p - 1. Let s(z) = 2*z**2 + 8*z + 6. Let c be s(-4). Suppose 0 = 4*u + c*u - u. Let l be -2 + (0 - u) + 0. Calculate g(l).
-7
Suppose -48*v = -36*v - 36. Suppose b = -w - 36 + 47, -v*b + 39 = 4*w. Let m(d) = d - 13. Calculate m(w).
-7
Let a(p) = 1 - 10*p - 28*p + p**3 + 43*p - 4*p - 7*p - 3*p**2. Give a(6).
73
Let i = -29 + 32. Let t(d) = -15*d**3 - d**2 + d + 53*d**3 - 27*d**i + 1. Let x be (2/4)/((-2)/4). What is t(x)?
-12
Let f(a) = -a + 7. Let o be f(-12). Let n = o + -27. Let q(c) = 12 + 20 + 5*c - 4*c - 24. Give q(n).
0
Let x(q) = q**2 - 11*q + 50. Let m be (-360)/54*(-6 + (-54)/(-10)). Determine x(m).
22
Let b = -1167 + 1177. Let o(m) = m**3 - 10*m**2 + 8*m - 7. Calculate o(b).
73
Let i(o) = 60 - 2*o**3 - 10 - 8*o**2 + o**3. Let w be i(-7). Let v(z) = 8*z - 5. Let s(m) = 104*m - 64. Let b(x) = -5*s(x) + 64*v(x). What is b(w)?
-8
Let m(c) = -39*c + 381. Let t(h) = -14*h + 131. Let b(x) = -3*m(x) + 8*t(x). Give b(15).
-20
Let j(r) = 101*r**2 - 45*r**2 + 16 - 15 - 50*r**2 - 50*r**2. Suppose 0 = 5*v - w + 2*w - 8, 6 = 2*w. What is j(v)?
-43
Let h(l) = -l**3 + 7*l**2 - 9*l + 6. Suppose -2*o - 12 = s, 6*s + 24 = -5*o + 2*s. Let u be (-1 + 39/21)/(o/(-56)). Determine h(u).
-12
Let u(y) = -4*y + 4. Let n be u(2). Let x = -37 - -39. Let w(i) = -5*i**2 + 4*i + 7 + 2*i**x - 1 + 2*i - i**3. What is w(n)?
-2
Let a(q) = 3*q**2 - 10*q - 10. Let i be -12 - 6 - (-41 + 14). Give a(i).
143
Suppose -11 = k - 2*z, 0 = -3*z - 3 + 15. Let w(i) = i + 4. Let b(s) = s + 1. Let g(r) = k*b(r) + w(r). Let f be 9/(-7) + 158/553. Calculate g(f).
3
Let i(w) = -11*w - 16. Let x(p) = -13*p - 18. Suppose a = -3*k + 12, -5*a + 0*a - k = -32. Let d(t) = a*i(t) - 5*x(t). Give d(-3).
-3
Let r(m) be the first derivative of m**5/20 + 19*m**4/12 - 10*m**3/3 + m**2 + 162*m + 31. Let v(l) be the first derivative of r(l). What is v(-20)?
2
Let c(r) = -5*r**3 + r + 1. Let v = -8 + 4. Let y = -506 - -498. Let a be y - v - (-7 + 4). Calculate c(a).
5
Suppose 2*l - 4*j + 312 - 346 = 0, -23 = -4*l - j. Let m(t) = 2*t**2 - 13*t - 7. What is m(l)?
0
Let f(t) = 3*t**2 - 3*t - 2. Let r(y) = -13*y**2 + 11*y + 8. Let p(o) = 9*f(o) + 2*r(o). Let a(s) = 7*s**2 - 30*s + 14. Let u be a(4). What is p(u)?
4
Let z(i) = -5*i. Let r(h) = 957 + 5*h**2 + h**2 - 946 - 7*h - h**3. Let m be r(5). Give z(m).
-5
Let x(i) = -i**2 - 5*i + 6. Let z(n) = 30*n + 116. Let a be z(-4). Calculate x(a).
10
Let z be (-32)/(-16) - (5 - (1 - 4)). Let i(j) = j**2 + 13*j + 19. Calculate i(z).
-23
Let q(t) = t**3 - 18*t**2 - 9*t - 52. Let d(r) = -r**3 + 19*r**2 + 11*r + 58. Let p(m) = 6*d(m) + 7*q(m). What is p(12)?
20
Suppose 5*j - 16 = j. Suppose -376 = 10*k - 406. Suppose 2*z + j = -g, 5*g + 11 - 4 = k*z. Let c(b) = -b**3 + b**2 + b - 2. Calculate c(g).
8
Let p(z) = 16*z + 3. Let b(t) = -13*t - 2. Let q(w) = -5*b(w) - 4*p(w). Let s(k) = -4 - 4 + k**2 + 1 - 2. Let j be s(0). Give q(j).
-11
Let q(g) = -g**3 - 4*g**2 - g - 4. Let d = -53 - -68. Let n be 15/6*108/d. Let o(m) = m - 21. Let r be o(n). Calculate q(r).
-10
Let a(l) = -l**3 - 7*l + 1. Let d be (81/189)/((-2)/14). Determine a(d).
49
Suppose 5*i - 10 = 5. Let j(s) = 385 + i*s + 2*s - 378 - 4*s. Determine j(-5).
2
Let o(n) = -21*n - 320. Let z(p) = -p**3 + 14*p**2 + 24*p - 150. Let s be z(15). Give o(s).
-5
Let h(a) = 37*a + 1449. Let d be h(-39). Let i(g) be the first derivative of -g**2/2 + 2*g - 6. Give i(d).
-4
Let c be (-4)/(-16)*12 - (10 - -1). Let m(y) = 8*y**2 - 4*y + 7*y - y - 26*y**3 + 10 + 27*y**3. Determine m(c).
-6
Let v(f) = -108. Let s(l) = 2*l + 348. Let o(q) = s(q) + 3*v(q). Calculate o(-5).
14
Suppose -4*h - 19 - 1 = 0. Let a(o) be the third derivative of -o**4/8 - o**3/3 + 1511*o**2. What is a(h)?
13
Let b(o) = 4*o**2 - 10*o - 8. Let i(c) = -7*c**2 + 19*c + 17. Let m(f) = 5*b(f) + 3*i(f). Let a = -103 + 111. Calculate m(a).
3
Suppose 2*o + 4*w - 14 = 0, 5 = -3*o + 4*w - 34. Let r(d) = d + 17. Determine r(o).
12
Let q(j) be the second derivative of -j**5/20 - 25*j**4/12 + 13*j**3/3 - 8*j**2 - 5*j - 28. Calculate q(-26).
-16
Let m(p) = -p**3 - 18*p**2 - 38*p + 153. Let c(r) = 3*r**3 + 53*r**2 + 114*r - 556. Let i(k) = -2*c(k) - 7*m(k). Give i(-18).
5
Let g(r) = -r**3 - 12*r**2 + 17*r + 40. Let f = 15011 + -15024. Calculate g(f).
-12
Let r be 1 + -1 + -4 + 6 + 47. Let c(v) = v**2 + 32 - r + 25 - 8*v. Give c(6).
-4
Let a(m) = -m**3 - m. Let n(j) = -3*j**3 + 5*j**2 + 2*j + 1. Let r(q) = -2*a(q) + n(q). Suppose 0 = -4*h + 19 - 11. Let l be 1/4*10*h. Calculate r(l).
21
Suppose 4*r = -2*m + m + 23, m - 47 = 4*r. Let t = m - 17. Let x(n) = 12*n**2 + 10*n**2 - t*n**2. Calculate x(-1).
4
Suppose 63 = -25*n + 17*n - 1. Let t(g) = 6*g + 18. Determine t(n).
-30
Let v(a) = -11*a - 34. Let d(g) = 3*g + 11. Let f(r) = 7*d(r) + 2*v(r). Give f(15).
-6
Let o = 3 + -4. Let b be 0/(1 + -4 - o). Let d(h) = -1706*h + 1707*h + 1 - 8 - 3. Calculate d(b).
-10
Let j(f) be the third derivative of -f**6/120 + f**5/6 - 7*f**4/24 + f**3/6 - 508*f**2 - 5*f. Calculate j(8).
73
Let i(f) = -f**3 + f**2 + 5*f + 3. Let c be i(0). Let u(a) = 2*a**2 - 6*a + 1. Let o(p) = p**2 - 7*p + 1. Let s(m) = c*o(m) - 2*u(m). Determine s(-9).
1
Let p be -2 + -1 - (3 - 2). Let q(f) = -f**2 + 20*f - 55. Let w be q(3). Let i(u) = 10*u - 27. Let v(m) = 3*m - 10. Let j(d) = w*i(d) + 11*v(d). Give j(p).
26
Suppose 4*t + 2*b = 54, -b + 1 = -2. Suppose t*g - 27 = 3*g. Let r(n) = -3*n - n**2 - 2*n + 3 + 8*n. Determine r(g).
3
Let y(n) = 5*n**3 + 26*n**2 - 81*n - 17. Let r(d) = 7*d**3 + 38*d**2 - 117*d - 25. Let p(k) = 9*r(k) - 13*y(k). What is p(4)?
-68
Let o(j) be the second derivative of -2*j**2 + 42*j + 0*j**3 + 1 + 1/12*j**4. Let y = -3 + 6. What is o(y)?
5
Let r(f) = -2*f**3 - f - 1. Let o(n) = -n**3 - 4*n**2 + 23*n + 13. Let v be o(-7). Let q(t) = -t + 4. Let x be q(4). Let g = v - x. Calculate r(g).
2
Let w(t) = -t - 1. Let c be 4*1 - (-5 + 3). Let z be (-4)/(-52)*-157 - 15/(-195). Let q be z/(-8)*20/c. Give w(q).
-6
Let g(d) = 9*d + 55. Let x(w) = -4*w**2 - 116*w - 120. Let u be x(-1). Determine g(u).
-17
Suppose 2*y = -0*f - 4*f + 112, -y - 2 = 0. Suppose f = 6*o - 43. Suppose -7*b = -o*b + 40. Let j(d) = -d**3 + 8*d**2 - d + 3. Calculate j(b).
-5
Let z(w) = 44 - 182 + 5*w + 80 - w**2 + 92. What is z(10)?
-16
Let w(c) = -4*c**3 - 2*c**2 - 6*c + 29. Let q(g) = -5*g**3 - g**2 - 7*g + 32. Let l(p) = 5*q(p) - 6*w(p). What is l(6)?
28
Let d(q) = -5*q + 2*q - 7*q + 1. Let s be ((0 - -3) + 30/6 + -7)*1. What is d(s)?
-9
Let q(y) be the first derivative of 22*y**3/3 + 4*y - 10124. What is q(-2)?
92
Suppose -8 = 4*o, -5*u + 3 + 1 = 3*o. Suppose 2*w + 16 = -3*a + a, -2*w + u*a = 0. Let v(n) = 3*n - 5. Determine v(w).
-17
Let y(x) = x**2 - 38 + 37 - 2*x + x. Let j(z) = -z**3 - 9. Let q(d) = -j(d) + 4*y(d). Calculate q(-4).
21
Let w(z) = -2 - z + 1 + 0. Suppose -3*a + 0*g + 1031 = 5*g, -4*a - g = -1369. Let b = -348 + a. Give w(b).
5
Suppose 71*h - 153 = -385 - 52. L